alculate the highest common divisor of 176000 and 475.
25
Calculate the highest common divisor of 555 and 58215.
15
What is the greatest common factor of 376 and 1136?
8
Calculate the highest common factor of 385269 and 1002.
501
What is the highest common factor of 77 and 1093862?
77
What is the highest common divisor of 395 and 595265?
395
Calculate the highest common divisor of 25 and 373710.
5
What is the greatest common divisor of 23472 and 2304?
144
Calculate the highest common divisor of 2568 and 192.
24
What is the greatest common factor of 22579 and 67?
67
Calculate the highest common factor of 90 and 317574.
18
What is the highest common factor of 30 and 15018?
6
What is the greatest common divisor of 17271 and 72?
9
Calculate the highest common divisor of 7296 and 513.
57
Calculate the highest common divisor of 70136 and 528.
88
What is the greatest common divisor of 225 and 101313?
9
Calculate the greatest common factor of 578 and 47923.
17
What is the highest common divisor of 304 and 27?
1
Calculate the greatest common factor of 5598 and 380042.
622
Calculate the highest common factor of 292386 and 6.
6
Calculate the highest common divisor of 21 and 11208.
3
What is the highest common divisor of 18144 and 30051?
567
Calculate the highest common factor of 385973 and 49.
49
What is the greatest common divisor of 1537146 and 2340?
234
What is the highest common factor of 830319 and 399?
399
What is the highest common divisor of 19206 and 2354?
22
Calculate the greatest common factor of 343 and 16415.
49
What is the highest common factor of 436364 and 472?
236
Calculate the highest common divisor of 4040 and 14840.
40
Calculate the greatest common factor of 109554 and 186.
186
What is the greatest common divisor of 4702397 and 658?
329
Calculate the highest common factor of 32 and 189104.
16
What is the greatest common factor of 10 and 5578?
2
Calculate the greatest common factor of 7132 and 464.
4
Calculate the greatest common divisor of 775 and 3565.
155
Calculate the greatest common factor of 14573 and 20709.
767
What is the highest common factor of 29681 and 98346?
443
Calculate the highest common divisor of 29779 and 97.
97
What is the highest common factor of 63 and 1955457?
63
What is the highest common divisor of 3852 and 754457?
107
What is the highest common divisor of 48508 and 871?
67
What is the highest common factor of 173661 and 3787?
541
What is the greatest common divisor of 675 and 27730?
5
What is the highest common divisor of 2665 and 16605?
205
Calculate the highest common factor of 60 and 141.
3
Calculate the greatest common divisor of 10 and 228170.
10
What is the highest common factor of 25352 and 8?
8
Calculate the highest common divisor of 621855 and 130.
65
Calculate the greatest common divisor of 28427 and 14410.
131
Calculate the highest common factor of 11612733 and 363.
363
What is the highest common divisor of 4939 and 73128?
11
Calculate the highest common factor of 30 and 15940.
10
What is the highest common divisor of 40 and 337145?
5
What is the highest common factor of 1408 and 25088?
128
What is the greatest common factor of 1306560 and 3?
3
What is the greatest common factor of 375658 and 730?
146
Calculate the greatest common divisor of 201188 and 424.
212
What is the greatest common divisor of 5260 and 236?
4
Calculate the highest common divisor of 16522 and 946.
22
Calculate the greatest common factor of 457145 and 1082.
541
Calculate the greatest common factor of 34 and 6729263.
17
Calculate the highest common divisor of 91 and 22945.
13
What is the highest common divisor of 347 and 13166221?
347
What is the highest common divisor of 1620 and 1100?
20
What is the highest common factor of 170 and 1450015?
85
What is the greatest common divisor of 3500 and 137900?
700
Calculate the highest common divisor of 3206 and 32518.
458
Calculate the highest common factor of 14 and 56343.
7
What is the greatest common divisor of 4121 and 164523?
317
What is the highest common divisor of 546588 and 27?
27
Calculate the highest common divisor of 15502 and 674.
674
What is the greatest common factor of 553 and 27887?
79
What is the greatest common factor of 6553007 and 17?
17
Calculate the greatest common divisor of 210 and 119.
7
What is the highest common divisor of 2280 and 114120?
120
What is the highest common divisor of 4635 and 8897655?
1545
What is the highest common divisor of 105 and 36030?
15
What is the greatest common factor of 27980 and 100?
20
Calculate the greatest common factor of 4717 and 2759.
89
What is the greatest common divisor of 1116 and 144708?
372
Calculate the highest common factor of 2592 and 232.
8
What is the highest common divisor of 20286 and 4991?
161
What is the highest common factor of 98 and 223636?
98
Calculate the highest common divisor of 7 and 6691699.
7
What is the highest common factor of 316122 and 354?
354
What is the greatest common divisor of 317925 and 1620?
405
Calculate the greatest common factor of 11000 and 282000.
1000
What is the highest common divisor of 909 and 35970039?
909
What is the highest common divisor of 29825 and 300?
25
What is the highest common divisor of 462 and 1502039?
77
Calculate the highest common factor of 8386 and 224.
14
What is the highest common factor of 277 and 5?
1
Calculate the highest common factor of 2468 and 148697.
617
Calculate the greatest common divisor of 504 and 176896.
8
What is the highest common divisor of 148 and 333?
37
What is the highest common factor of 194994 and 314?
314
What is the greatest common factor of 426 and 5010?
6
What is the greatest common factor of 374309 and 52?
13
Calculate the greatest common divisor of 18392 and 5472.
152
Calculate the greatest common factor of 240 and 244400.
80
Calculate the greatest common divisor of 277826 and 212.
106
What is the greatest common divisor of 8918 and 308?
14
What is the highest common factor of 429869 and 33?
11
What is the greatest common divisor of 85760 and 360?
40
Calculate the highest common divisor of 54434 and 5338.
34
Calculate the greatest common divisor of 980 and 83060.
20
What is the greatest common factor of 56320 and 1672?
88
Calculate the greatest common divisor of 6248 and 1846.
142
What is the greatest common factor of 16 and 22824?
8
Calculate the greatest common factor of 761692 and 3488.
436
Calculate the highest common factor of 5 and 179555.
5
What is the greatest common factor of 110 and 26310?
10
What is the highest common factor of 6912 and 1608?
24
Calculate the highest common factor of 4009642 and 91.
91
Calculate the highest common factor of 1408 and 11088.
176
What is the highest common factor of 736656 and 103?
103
What is the greatest common divisor of 533 and 4682405?
533
What is the greatest common factor of 3548 and 20?
4
Calculate the highest common factor of 1183 and 337831.
169
What is the highest common divisor of 324 and 35586?
54
Calculate the highest common factor of 2520 and 1530.
90
Calculate the greatest common factor of 301140 and 39060.
1260
Calculate the highest common divisor of 5220 and 70209.
261
Calculate the highest common factor of 12402 and 222.
6
Calculate the highest common factor of 343077 and 62.
31
Calculate the highest common factor of 57 and 12115464.
57
What is the highest common divisor of 48727 and 21?
7
What is the greatest common factor of 270 and 481905?
45
What is the greatest common factor of 3407994 and 4632?
1158
Calculate the greatest common factor of 2782 and 39.
13
Calculate the highest common divisor of 263 and 11.
1
What is the highest common divisor of 502 and 55722?
502
Calculate the highest common factor of 10 and 7728335.
5
What is the greatest common divisor of 2532 and 199817?
211
What is the greatest common factor of 867 and 13413?
51
Calculate the greatest common divisor of 332072 and 1648.
824
What is the highest common divisor of 20088 and 4152?
24
Calculate the greatest common divisor of 286 and 396266.
26
Calculate the greatest common factor of 5956 and 1127173.
1489
Calculate the highest common factor of 9 and 15507.
9
What is the greatest common factor of 1521 and 363857?
169
What is the greatest common divisor of 74991 and 420?
21
Calculate the greatest commo